{"id":319,"date":"2014-06-15T15:38:48","date_gmt":"2014-06-15T13:38:48","guid":{"rendered":"http:\/\/www.sanseverinolucano.com\/?page_id=319"},"modified":"2014-06-26T23:09:11","modified_gmt":"2014-06-26T21:09:11","slug":"cropani-e-pomarreti","status":"publish","type":"page","link":"http:\/\/www.sanseverinolucano.com\/?page_id=319","title":{"rendered":"CROPANI E POMARRETI"},"content":{"rendered":"<p><a href=\"http:\/\/www.sanseverinolucano.com\/wp-content\/uploads\/2014\/06\/cropani.jpg\"><img loading=\"lazy\" decoding=\"async\" class=\"alignleft size-full wp-image-57\" src=\"http:\/\/www.sanseverinolucano.com\/wp-content\/uploads\/2014\/06\/cropani.jpg\" alt=\"cropani.jpg\" width=\"1018\" height=\"250\" srcset=\"http:\/\/www.sanseverinolucano.com\/wp-content\/uploads\/2014\/06\/cropani.jpg 1018w, http:\/\/www.sanseverinolucano.com\/wp-content\/uploads\/2014\/06\/cropani-300x73.jpg 300w\" sizes=\"auto, (max-width: 1018px) 100vw, 1018px\" \/><\/a><\/p>\n<p><span style=\"color: #000000;\"><strong><span style=\"color: #008000;\">Cropani<\/span> <\/strong>e&#8217; una frazione scaglionata su pendici ondulate e rinserrata tra balze pittoresche. Il pianoro prativo sottostante \u00e8 adibito a sata e ortaggi.<\/span><br \/>\n<span style=\"color: #000000;\">Bagnata ed intersecata dal Frido, ha campi e vigneti relativamente pi\u00f9 fertili del resto del territorio molte piante d&#8217;ulivo e frutteti vari. Vi sorge la moderna Chiesa di San Francesco di Paola, edificata nel 1988.<\/span><br \/>\n<span style=\"color: #000000;\">Cropani Cittadella \u00e8 ben allacciata col Centro, da cui dista appena 5 Km ed \u00e8 ubicata a 675 metri slm. Gi\u00e0 sin dal 1875 vi funzionava una scuola elementare femminile e maschile.<\/span><br \/>\n<span style=\"color: #000000;\">Verso Nord troviamo Taverna Magnano, sulla strada che conduce a Francavilla, incassata in una conca sottostante il piacevolissimo rettifilo omonimo, a 680 metri slm. Dopo 3 Km \u00e8 il minuscolo agglomerato vallivo di Scala Magnano, a 516 m. (la quota minima di tutto l&#8217;agro comunale), su un ameno bacino prativo degradante in dolce pendio riparato da erti contrafforti della montagna occidentale.<\/span><\/p>\n<p><a href=\"http:\/\/www.sanseverinolucano.com\/wp-content\/uploads\/2014\/06\/pomarretineve.jpg\"><img loading=\"lazy\" decoding=\"async\" class=\"alignleft size-full wp-image-403\" src=\"http:\/\/www.sanseverinolucano.com\/wp-content\/uploads\/2014\/06\/pomarretineve.jpg\" alt=\"pomarretineve\" width=\"1018\" height=\"250\" srcset=\"http:\/\/www.sanseverinolucano.com\/wp-content\/uploads\/2014\/06\/pomarretineve.jpg 1018w, http:\/\/www.sanseverinolucano.com\/wp-content\/uploads\/2014\/06\/pomarretineve-300x73.jpg 300w\" sizes=\"auto, (max-width: 1018px) 100vw, 1018px\" \/><\/a><\/p>\n<p><span style=\"color: #000000;\"><strong><span style=\"color: #008000;\">Pomarreti<\/span><\/strong>, a ridosso di alte fiancate rupestri sotto la bellissima Timpa di Mancagallo \u00e8 costituita da una serie di nuclei abitativi posizionati lungo la strada rotabile. Ben collegata al centro grazie alla strada comunale che, salendo fino ai 1000 metri slm, si congiunge alla loc. Viscigli attraverso paesaggi di rara bellezza.<\/span><br \/>\n<span style=\"color: #000000;\">Pomarreti si suddivide in contrada Ballarano, grazioso borgo, esposto a Nord, un po recondito e a ridosso di ripide balze sovrastanti il Frido.<\/span><br \/>\n<span style=\"color: #000000;\">\u00a0<\/span><br \/>\n<span style=\"color: #ff0000;\">:: a breve fotogallery<\/span><\/p>\n","protected":false},"excerpt":{"rendered":"<p>Cropani e&#8217; una frazione scaglionata su pendici ondulate e rinserrata tra balze pittoresche. Il pianoro prativo sottostante \u00e8 adibito a sata e ortaggi. Bagnata ed intersecata dal Frido, ha campi e vigneti relativamente pi\u00f9 fertili del resto del territorio molte&hellip; <\/p>\n","protected":false},"author":2,"featured_media":0,"parent":315,"menu_order":0,"comment_status":"closed","ping_status":"closed","template":"","meta":{"footnotes":""},"class_list":["post-319","page","type-page","status-publish","hentry"],"_links":{"self":[{"href":"http:\/\/www.sanseverinolucano.com\/index.php?rest_route=\/wp\/v2\/pages\/319","targetHints":{"allow":["GET"]}}],"collection":[{"href":"http:\/\/www.sanseverinolucano.com\/index.php?rest_route=\/wp\/v2\/pages"}],"about":[{"href":"http:\/\/www.sanseverinolucano.com\/index.php?rest_route=\/wp\/v2\/types\/page"}],"author":[{"embeddable":true,"href":"http:\/\/www.sanseverinolucano.com\/index.php?rest_route=\/wp\/v2\/users\/2"}],"replies":[{"embeddable":true,"href":"http:\/\/www.sanseverinolucano.com\/index.php?rest_route=%2Fwp%2Fv2%2Fcomments&post=319"}],"version-history":[{"count":4,"href":"http:\/\/www.sanseverinolucano.com\/index.php?rest_route=\/wp\/v2\/pages\/319\/revisions"}],"predecessor-version":[{"id":1132,"href":"http:\/\/www.sanseverinolucano.com\/index.php?rest_route=\/wp\/v2\/pages\/319\/revisions\/1132"}],"up":[{"embeddable":true,"href":"http:\/\/www.sanseverinolucano.com\/index.php?rest_route=\/wp\/v2\/pages\/315"}],"wp:attachment":[{"href":"http:\/\/www.sanseverinolucano.com\/index.php?rest_route=%2Fwp%2Fv2%2Fmedia&parent=319"}],"curies":[{"name":"wp","href":"https:\/\/api.w.org\/{rel}","templated":true}]}}

<p><a href="http://www.sanseverinolucano.com/wp-content/uploads/2014/06/cropani.jpg"><img loading="lazy" decoding="async" class="alignleft size-full wp-image-57" src="http://www.sanseverinolucano.com/wp-content/uploads/2014/06/cropani.jpg" alt="cropani.jpg" width="1018" height="250" srcset="http://www.sanseverinolucano.com/wp-content/uploads/2014/06/cropani.jpg 1018w, http://www.sanseverinolucano.com/wp-content/uploads/2014/06/cropani-300x73.jpg 300w" sizes="auto, (max-width: 1018px) 100vw, 1018px" /></a></p>
<p><span style="color: #000000;"><strong><span style="color: #008000;">Cropani</span> </strong>e&#8217; una frazione scaglionata su pendici ondulate e rinserrata tra balze pittoresche. Il pianoro prativo sottostante è adibito a sata e ortaggi.</span><br />
<span style="color: #000000;">Bagnata ed intersecata dal Frido, ha campi e vigneti relativamente più fertili del resto del territorio molte piante d&#8217;ulivo e frutteti vari. Vi sorge la moderna Chiesa di San Francesco di Paola, edificata nel 1988.</span><br />
<span style="color: #000000;">Cropani Cittadella è ben allacciata col Centro, da cui dista appena 5 Km ed è ubicata a 675 metri slm. Già sin dal 1875 vi funzionava una scuola elementare femminile e maschile.</span><br />
<span style="color: #000000;">Verso Nord troviamo Taverna Magnano, sulla strada che conduce a Francavilla, incassata in una conca sottostante il piacevolissimo rettifilo omonimo, a 680 metri slm. Dopo 3 Km è il minuscolo agglomerato vallivo di Scala Magnano, a 516 m. (la quota minima di tutto l&#8217;agro comunale), su un ameno bacino prativo degradante in dolce pendio riparato da erti contrafforti della montagna occidentale.</span></p>
<p><a href="http://www.sanseverinolucano.com/wp-content/uploads/2014/06/pomarretineve.jpg"><img loading="lazy" decoding="async" class="alignleft size-full wp-image-403" src="http://www.sanseverinolucano.com/wp-content/uploads/2014/06/pomarretineve.jpg" alt="pomarretineve" width="1018" height="250" srcset="http://www.sanseverinolucano.com/wp-content/uploads/2014/06/pomarretineve.jpg 1018w, http://www.sanseverinolucano.com/wp-content/uploads/2014/06/pomarretineve-300x73.jpg 300w" sizes="auto, (max-width: 1018px) 100vw, 1018px" /></a></p>
<p><span style="color: #000000;"><strong><span style="color: #008000;">Pomarreti</span></strong>, a ridosso di alte fiancate rupestri sotto la bellissima Timpa di Mancagallo è costituita da una serie di nuclei abitativi posizionati lungo la strada rotabile. Ben collegata al centro grazie alla strada comunale che, salendo fino ai 1000 metri slm, si congiunge alla loc. Viscigli attraverso paesaggi di rara bellezza.</span><br />
<span style="color: #000000;">Pomarreti si suddivide in contrada Ballarano, grazioso borgo, esposto a Nord, un po recondito e a ridosso di ripide balze sovrastanti il Frido.</span><br />
<span style="color: #000000;"> </span><br />
<span style="color: #ff0000;">:: a breve fotogallery</span></p>

<p>Cropani e&#8217; una frazione scaglionata su pendici ondulate e rinserrata tra balze pittoresche. Il pianoro prativo sottostante è adibito a sata e ortaggi. Bagnata ed intersecata dal Frido, ha campi e vigneti relativamente più fertili del resto del territorio molte&hellip; </p>
