{"id":321,"date":"2014-06-15T15:39:30","date_gmt":"2014-06-15T13:39:30","guid":{"rendered":"http:\/\/www.sanseverinolucano.com\/?page_id=321"},"modified":"2014-06-26T23:07:42","modified_gmt":"2014-06-26T21:07:42","slug":"mancini-e-villaneto","status":"publish","type":"page","link":"http:\/\/www.sanseverinolucano.com\/?page_id=321","title":{"rendered":"MANCINI E VILLANETO"},"content":{"rendered":"<p><a href=\"http:\/\/www.sanseverinolucano.com\/wp-content\/uploads\/2014\/06\/mancini.jpg\"><img loading=\"lazy\" decoding=\"async\" class=\"alignnone size-full wp-image-414\" src=\"http:\/\/www.sanseverinolucano.com\/wp-content\/uploads\/2014\/06\/mancini.jpg\" alt=\"mancini\" width=\"1018\" height=\"250\" srcset=\"http:\/\/www.sanseverinolucano.com\/wp-content\/uploads\/2014\/06\/mancini.jpg 1018w, http:\/\/www.sanseverinolucano.com\/wp-content\/uploads\/2014\/06\/mancini-300x73.jpg 300w\" sizes=\"auto, (max-width: 1018px) 100vw, 1018px\" \/><\/a><\/p>\n<p><span style=\"color: #000000;\"><strong><span style=\"color: #008000;\">Mancini<\/span> <\/strong>consta di una serie di ridenti villaggetti dislocati nell&#8217;anfiteatro delle ultime propaggini del Pollino: la chiostra dei monti sovrastanti Villaneto, Caramola e Timpa della Guardia ne coronano i fianchi boscosi.<\/span><br \/>\n<span style=\"color: #000000;\">Ambiente tipicamente alpestre, con sfondi panoramici di maestosa bellezza: un fantastico spettacolo di altissime pareti a picco e di burroni, sul fondo dei quali rimbalza il Fosso Caramola, piccolo bacino fluviale che raccoglie le acque del monte omonimo coperto da faggi colossali e da giganteschi abeti. La frazione dista 5 Km circa dal Centro. Camaudo, in cima: \u00e8 il primo gruppo di casolari per lo pi\u00f9 disabitati, \u00e8 la porta di ingresso alla frazione.<\/span><br \/>\n<span style=\"color: #000000;\">Mancini centro vero e proprio \u00e8 sulla strada che porta a Villaneto, gruppi di case spesso come piccoli borghi. Scendendo troviamo altri nuclei rurali che formano la localit\u00e0 Fosso Salsi, circondati da campi coltivati.<\/span><br \/>\n<span style=\"color: #000000;\">Gi\u00f9 nel fondovalle, dopo una ripida discesa, troviamo la contrada Fasolata a 833 metri slm.<\/span><br \/>\n<span style=\"color: #000000;\">A cavallo tra Mancini e Villaneto \u00e8 Tre Castelli (m 1002) con pochissimi nuclei familiari.<\/span><\/p>\n<p><a href=\"http:\/\/www.sanseverinolucano.com\/wp-content\/uploads\/2014\/06\/villaneto.jpg\"><img loading=\"lazy\" decoding=\"async\" class=\"alignnone size-full wp-image-415\" src=\"http:\/\/www.sanseverinolucano.com\/wp-content\/uploads\/2014\/06\/villaneto.jpg\" alt=\"villaneto\" width=\"1018\" height=\"250\" srcset=\"http:\/\/www.sanseverinolucano.com\/wp-content\/uploads\/2014\/06\/villaneto.jpg 1018w, http:\/\/www.sanseverinolucano.com\/wp-content\/uploads\/2014\/06\/villaneto-300x73.jpg 300w\" sizes=\"auto, (max-width: 1018px) 100vw, 1018px\" \/><\/a><\/p>\n<p><span style=\"color: #000000;\"><strong><span style=\"color: #008000;\">Villaneto<\/span><\/strong>, borgata recondita, segregata sulle pendici dei monti che si diramano dal Caramola, tra forre, selvaggi dirupi, gole profonde ed aspre giogaie. E&#8217; scaglionata su ripidi versanti, tappezzati da copiosa vegetazione. Verso Sud si squaderna lo scenario dei contrafforti massicci, scabri ed olivastri di Timpa della Guardia, con alte pareti strapiombanti sul fosso Caramola; a Ovest l&#8217;Alpi bicuspide, il folto bosco Magnano e la zona collinare di Pietrapica; a Nord la valle del Sinni col suo grande alveo, nell&#8217;anfiteatro di alture e vette su cui troneggia Chiaromonte. Vi \u00e8 una grande Cappella, ultrasecolare, dedicata alla Madonna del Carmine.<\/span><br \/>\n<span style=\"color: #000000;\">Ulteriori localit\u00e0 sono Marceddona, a confine con Francavilla in Sinni e Battipedi.<\/span><br \/>\n<span style=\"color: #000000;\">\u00a0<\/span><br \/>\n<span style=\"color: #000000;\"><a title=\"Foto Mancini\" href=\"http:\/\/www.sanseverinolucano.com\/?page_id=1114\"><span style=\"color: #ff0000;\"><strong>FOTOGALLERY Mancini<\/strong><\/span><\/a><br \/>\n<\/span><\/p>\n<p><a title=\"Foto Villaneto\" href=\"http:\/\/www.sanseverinolucano.com\/?page_id=1106\"><span style=\"color: #ff6600;\"><strong>FOTOGALLERY Villaneto<\/strong><\/span><span style=\"color: #ff6600;\"><strong> e Chiesa Madonna del Carmine<\/strong><\/span><\/a><\/p>\n","protected":false},"excerpt":{"rendered":"<p>Mancini consta di una serie di ridenti villaggetti dislocati nell&#8217;anfiteatro delle ultime propaggini del Pollino: la chiostra dei monti sovrastanti Villaneto, Caramola e Timpa della Guardia ne coronano i fianchi boscosi. Ambiente tipicamente alpestre, con sfondi panoramici di maestosa bellezza:&hellip; <\/p>\n","protected":false},"author":2,"featured_media":0,"parent":315,"menu_order":0,"comment_status":"closed","ping_status":"closed","template":"","meta":{"footnotes":""},"class_list":["post-321","page","type-page","status-publish","hentry"],"_links":{"self":[{"href":"http:\/\/www.sanseverinolucano.com\/index.php?rest_route=\/wp\/v2\/pages\/321","targetHints":{"allow":["GET"]}}],"collection":[{"href":"http:\/\/www.sanseverinolucano.com\/index.php?rest_route=\/wp\/v2\/pages"}],"about":[{"href":"http:\/\/www.sanseverinolucano.com\/index.php?rest_route=\/wp\/v2\/types\/page"}],"author":[{"embeddable":true,"href":"http:\/\/www.sanseverinolucano.com\/index.php?rest_route=\/wp\/v2\/users\/2"}],"replies":[{"embeddable":true,"href":"http:\/\/www.sanseverinolucano.com\/index.php?rest_route=%2Fwp%2Fv2%2Fcomments&post=321"}],"version-history":[{"count":7,"href":"http:\/\/www.sanseverinolucano.com\/index.php?rest_route=\/wp\/v2\/pages\/321\/revisions"}],"predecessor-version":[{"id":1131,"href":"http:\/\/www.sanseverinolucano.com\/index.php?rest_route=\/wp\/v2\/pages\/321\/revisions\/1131"}],"up":[{"embeddable":true,"href":"http:\/\/www.sanseverinolucano.com\/index.php?rest_route=\/wp\/v2\/pages\/315"}],"wp:attachment":[{"href":"http:\/\/www.sanseverinolucano.com\/index.php?rest_route=%2Fwp%2Fv2%2Fmedia&parent=321"}],"curies":[{"name":"wp","href":"https:\/\/api.w.org\/{rel}","templated":true}]}}

<p><a href="http://www.sanseverinolucano.com/wp-content/uploads/2014/06/mancini.jpg"><img loading="lazy" decoding="async" class="alignnone size-full wp-image-414" src="http://www.sanseverinolucano.com/wp-content/uploads/2014/06/mancini.jpg" alt="mancini" width="1018" height="250" srcset="http://www.sanseverinolucano.com/wp-content/uploads/2014/06/mancini.jpg 1018w, http://www.sanseverinolucano.com/wp-content/uploads/2014/06/mancini-300x73.jpg 300w" sizes="auto, (max-width: 1018px) 100vw, 1018px" /></a></p>
<p><span style="color: #000000;"><strong><span style="color: #008000;">Mancini</span> </strong>consta di una serie di ridenti villaggetti dislocati nell&#8217;anfiteatro delle ultime propaggini del Pollino: la chiostra dei monti sovrastanti Villaneto, Caramola e Timpa della Guardia ne coronano i fianchi boscosi.</span><br />
<span style="color: #000000;">Ambiente tipicamente alpestre, con sfondi panoramici di maestosa bellezza: un fantastico spettacolo di altissime pareti a picco e di burroni, sul fondo dei quali rimbalza il Fosso Caramola, piccolo bacino fluviale che raccoglie le acque del monte omonimo coperto da faggi colossali e da giganteschi abeti. La frazione dista 5 Km circa dal Centro. Camaudo, in cima: è il primo gruppo di casolari per lo più disabitati, è la porta di ingresso alla frazione.</span><br />
<span style="color: #000000;">Mancini centro vero e proprio è sulla strada che porta a Villaneto, gruppi di case spesso come piccoli borghi. Scendendo troviamo altri nuclei rurali che formano la località Fosso Salsi, circondati da campi coltivati.</span><br />
<span style="color: #000000;">Giù nel fondovalle, dopo una ripida discesa, troviamo la contrada Fasolata a 833 metri slm.</span><br />
<span style="color: #000000;">A cavallo tra Mancini e Villaneto è Tre Castelli (m 1002) con pochissimi nuclei familiari.</span></p>
<p><a href="http://www.sanseverinolucano.com/wp-content/uploads/2014/06/villaneto.jpg"><img loading="lazy" decoding="async" class="alignnone size-full wp-image-415" src="http://www.sanseverinolucano.com/wp-content/uploads/2014/06/villaneto.jpg" alt="villaneto" width="1018" height="250" srcset="http://www.sanseverinolucano.com/wp-content/uploads/2014/06/villaneto.jpg 1018w, http://www.sanseverinolucano.com/wp-content/uploads/2014/06/villaneto-300x73.jpg 300w" sizes="auto, (max-width: 1018px) 100vw, 1018px" /></a></p>
<p><span style="color: #000000;"><strong><span style="color: #008000;">Villaneto</span></strong>, borgata recondita, segregata sulle pendici dei monti che si diramano dal Caramola, tra forre, selvaggi dirupi, gole profonde ed aspre giogaie. E&#8217; scaglionata su ripidi versanti, tappezzati da copiosa vegetazione. Verso Sud si squaderna lo scenario dei contrafforti massicci, scabri ed olivastri di Timpa della Guardia, con alte pareti strapiombanti sul fosso Caramola; a Ovest l&#8217;Alpi bicuspide, il folto bosco Magnano e la zona collinare di Pietrapica; a Nord la valle del Sinni col suo grande alveo, nell&#8217;anfiteatro di alture e vette su cui troneggia Chiaromonte. Vi è una grande Cappella, ultrasecolare, dedicata alla Madonna del Carmine.</span><br />
<span style="color: #000000;">Ulteriori località sono Marceddona, a confine con Francavilla in Sinni e Battipedi.</span><br />
<span style="color: #000000;"> </span><br />
<span style="color: #000000;"><a title="Foto Mancini" href="http://www.sanseverinolucano.com/?page_id=1114"><span style="color: #ff0000;"><strong>FOTOGALLERY Mancini</strong></span></a><br />
</span></p>
<p><a title="Foto Villaneto" href="http://www.sanseverinolucano.com/?page_id=1106"><span style="color: #ff6600;"><strong>FOTOGALLERY Villaneto</strong></span><span style="color: #ff6600;"><strong> e Chiesa Madonna del Carmine</strong></span></a></p>
