{"id":6,"date":"2014-06-14T21:22:38","date_gmt":"2014-06-14T19:22:38","guid":{"rendered":"http:\/\/www.sanseverinolucano.com\/?page_id=6"},"modified":"2014-06-17T00:26:18","modified_gmt":"2014-06-16T22:26:18","slug":"il-paese","status":"publish","type":"page","link":"https:\/\/www.sanseverinolucano.com\/?page_id=6","title":{"rendered":"IL PAESE"},"content":{"rendered":"<div id=\"imPage\">\n<div id=\"imCel0_01\">\n<div id=\"imCel0_01_Cont\">\n<div id=\"imObj0_01\">\n<p class=\"imAlign_left\"><a href=\"http:\/\/www.sanseverinolucano.com\/wp-content\/uploads\/2014\/06\/Favicon_piazza.jpg\"><img loading=\"lazy\" decoding=\"async\" class=\"wp-image-367 size-medium aligncenter\" src=\"http:\/\/www.sanseverinolucano.com\/wp-content\/uploads\/2014\/06\/Favicon_piazza-300x300.jpg\" alt=\"Favicon_piazza\" width=\"300\" height=\"300\" srcset=\"https:\/\/www.sanseverinolucano.com\/wp-content\/uploads\/2014\/06\/Favicon_piazza-300x300.jpg 300w, https:\/\/www.sanseverinolucano.com\/wp-content\/uploads\/2014\/06\/Favicon_piazza-150x150.jpg 150w, https:\/\/www.sanseverinolucano.com\/wp-content\/uploads\/2014\/06\/Favicon_piazza-230x230.jpg 230w, https:\/\/www.sanseverinolucano.com\/wp-content\/uploads\/2014\/06\/Favicon_piazza.jpg 500w\" sizes=\"auto, (max-width: 300px) 100vw, 300px\" \/><\/a><\/p>\n<p class=\"imAlign_left\"><span class=\"ff2 fc1 fs10 \">I<\/span><span class=\"ff2 fc3 fs10 \">l territorio appartenne al feudo dei Sanseverino da cui prese il nome.<\/span><\/p>\n<p>Il primo nucleo abitato sorse intorno al XV sec., ed \u00e8 da mettere in relazione all&#8217;espansione della colonizzazione agricola promossa dall&#8217;Abbazia del Sagittario.<\/p>\n<p>Nel 1806 San Severino, che fino a quel momento apparteneva al territorio di Chiaromonte, a seguito del nuovo ordinamento napoleonico, s&#8217;istitu\u00ec in Comune e nel 1820 si aggiunse la specificazione di Lucano.<\/p>\n<p>Dopo l&#8217;Unit\u00e0 d&#8217;Italia (1860) il brigantaggio fu molto attivo nel territorio comunale; era favorito, come d&#8217;altronde nell&#8217;intero comprensorio del Pollino, da montagne impervie, mancanza di infrastrutture e strade.<\/p>\n<p>Molti i toponimi che ci ricordano tale fenomeno (come il Fosso del Brigante), ma soprattutto \u00e8 ricordata la figura del Capitano Iannarelli che comp\u00ec stragi ed esecuzioni anche di civili. Di lui si conservano numerose memorie: abit\u00f2 in paese e il mulino segheria in localit\u00e0 Mezzana.<\/p>\n<p>Per la sua recente storia il centro di San Severino non ha importanti emergente architettoniche, ad esclusione dell&#8217;Abbazia del Sagittario in agro di Chiaromonte. Il tessuto urbano del centro storico sviluppatosi in maniera spontanea, privilegia la formazione a schiera, allineata lungo l&#8217;asse viario principale. Al centro del paese sorge la chiesa Madre, dedicata a Maria SS: degli Angeli (oggi chiusa per restauro), probabilmente risalente al primo nucleo abitato, che attualmente mantiene l&#8217;impianto settecentesco. Nella parte alta del paese sorge la chiesa di San Vincenzo, da poco riaperta al culto dopo il restauro. L&#8217;edificio sacro conserva la struttura originaria, soprattutto nella facciata, all&#8217;interno un crocifisso ligneo del &#8216;500.<\/p>\n<p>Incamminandosi nel centro storico si trovano bei portali lapidei della seconda met\u00e0 del XIX secolo, e palazzotti dello stesso periodo, nonch\u00e9 i caratteristici vicoli dei centri montani.<\/p>\n<p>Si consiglia anche la visita delle tre fontane, nella parte bassa del paese, che sono state recentemente riattivate e una ben restaurata. Il territorio offre attrattive naturalistiche, ma anche di archeologia industriale come i mulini. Spettacolare la visione di Bosco Magnano per chi proviene dalla Valle del Sinni, e i corsi dei torrenti Peschiera e Frido.<\/p>\n<p>Superato il paese e proseguendo verso sud si giunge alla frazione Mezzana, suddivisa in quattro borghi; continuando si arriva al santuario della Madonna del Pollino che sorge su uno sperone roccioso in posizione panoramica su tutta la valle del Frido. L&#8217;assenza di smog e di grandi centri fa s\u00ec che sul territorio comunale sia possibile l&#8217;osservazione degli astri in modo ottimale, tanto che il comune di San Severino Lucano \u00e8 stato definito <span class=\"ff2 fc1 fs10 \">dagli astrofili &#8220;il paese delle stelle&#8221;. <\/span><span class=\"ff1 fc0 fs10 \"><br \/>\n<\/span><\/p>\n<p><a href=\"http:\/\/www.sanseverinolucano.com\/wp-content\/uploads\/2014\/06\/paese_arbia.jpg\"><img loading=\"lazy\" decoding=\"async\" class=\"alignnone size-full wp-image-369\" src=\"http:\/\/www.sanseverinolucano.com\/wp-content\/uploads\/2014\/06\/paese_arbia.jpg\" alt=\"paese_arbia.jpg\" width=\"1018\" height=\"250\" srcset=\"https:\/\/www.sanseverinolucano.com\/wp-content\/uploads\/2014\/06\/paese_arbia.jpg 1018w, https:\/\/www.sanseverinolucano.com\/wp-content\/uploads\/2014\/06\/paese_arbia-300x73.jpg 300w\" sizes=\"auto, (max-width: 1018px) 100vw, 1018px\" \/><\/a><\/p>\n<\/div>\n<\/div>\n<\/div>\n<\/div>\n","protected":false},"excerpt":{"rendered":"<p>Il territorio appartenne al feudo dei Sanseverino da cui prese il nome. Il primo nucleo abitato sorse intorno al XV sec., ed \u00e8 da mettere in relazione all&#8217;espansione della colonizzazione agricola promossa dall&#8217;Abbazia del Sagittario. Nel 1806 San Severino, che&hellip; <\/p>\n","protected":false},"author":1,"featured_media":0,"parent":0,"menu_order":0,"comment_status":"closed","ping_status":"closed","template":"","meta":{"footnotes":""},"class_list":["post-6","page","type-page","status-publish","hentry"],"_links":{"self":[{"href":"https:\/\/www.sanseverinolucano.com\/index.php?rest_route=\/wp\/v2\/pages\/6","targetHints":{"allow":["GET"]}}],"collection":[{"href":"https:\/\/www.sanseverinolucano.com\/index.php?rest_route=\/wp\/v2\/pages"}],"about":[{"href":"https:\/\/www.sanseverinolucano.com\/index.php?rest_route=\/wp\/v2\/types\/page"}],"author":[{"embeddable":true,"href":"https:\/\/www.sanseverinolucano.com\/index.php?rest_route=\/wp\/v2\/users\/1"}],"replies":[{"embeddable":true,"href":"https:\/\/www.sanseverinolucano.com\/index.php?rest_route=%2Fwp%2Fv2%2Fcomments&post=6"}],"version-history":[{"count":5,"href":"https:\/\/www.sanseverinolucano.com\/index.php?rest_route=\/wp\/v2\/pages\/6\/revisions"}],"predecessor-version":[{"id":458,"href":"https:\/\/www.sanseverinolucano.com\/index.php?rest_route=\/wp\/v2\/pages\/6\/revisions\/458"}],"wp:attachment":[{"href":"https:\/\/www.sanseverinolucano.com\/index.php?rest_route=%2Fwp%2Fv2%2Fmedia&parent=6"}],"curies":[{"name":"wp","href":"https:\/\/api.w.org\/{rel}","templated":true}]}}