{"id":90,"date":"2014-06-14T23:04:45","date_gmt":"2014-06-14T21:04:45","guid":{"rendered":"http:\/\/www.sanseverinolucano.com\/?page_id=90"},"modified":"2022-05-18T14:55:06","modified_gmt":"2022-05-18T12:55:06","slug":"madonna-di-pollino","status":"publish","type":"page","link":"https:\/\/www.sanseverinolucano.com\/?page_id=90","title":{"rendered":"MADONNA DEL POLLINO"},"content":{"rendered":"<p><div id=\"attachment_272\" style=\"width: 160px\" class=\"wp-caption alignnone\"><a href=\"http:\/\/www.sanseverinolucano.com\/wp-content\/uploads\/2014\/06\/MadonnaDelPollino_fdf.jpg\" target=\"_blank\"><img loading=\"lazy\" decoding=\"async\" aria-describedby=\"caption-attachment-272\" class=\"wp-image-272 size-thumbnail\" src=\"http:\/\/www.sanseverinolucano.com\/wp-content\/uploads\/2014\/06\/MadonnaDelPollino_fdf-150x150.jpg\" alt=\"MadonnaDelPollino_fdf\" width=\"150\" height=\"150\" srcset=\"https:\/\/www.sanseverinolucano.com\/wp-content\/uploads\/2014\/06\/MadonnaDelPollino_fdf-150x150.jpg 150w, https:\/\/www.sanseverinolucano.com\/wp-content\/uploads\/2014\/06\/MadonnaDelPollino_fdf-230x230.jpg 230w\" sizes=\"auto, (max-width: 150px) 100vw, 150px\" \/><\/a><p id=\"caption-attachment-272\" class=\"wp-caption-text\">Madonna di Pollino [clicca per ingrandire]<\/p><\/div><img loading=\"lazy\" decoding=\"async\" class=\"alignnone wp-image-2161 \" src=\"http:\/\/www.sanseverinolucano.com\/wp-content\/uploads\/2016\/02\/madonna-del-pollino-figurina-1937.jpg\" alt=\"madonna del pollino figurina 1937\" width=\"147\" height=\"272\" \/>\u00a0\u00a0\u00a0 \u00a0 \u00a0 \u00a0 \u00a0 \u00a0 \u00a0 \u00a0 \u00a0\u00a0 <img loading=\"lazy\" decoding=\"async\" class=\"alignnone wp-image-2552\" src=\"http:\/\/www.sanseverinolucano.com\/wp-content\/uploads\/2018\/06\/madonna-del-pollino.jpg\" alt=\"madonna del pollino\" width=\"370\" height=\"246\" srcset=\"https:\/\/www.sanseverinolucano.com\/wp-content\/uploads\/2018\/06\/madonna-del-pollino.jpg 650w, https:\/\/www.sanseverinolucano.com\/wp-content\/uploads\/2018\/06\/madonna-del-pollino-300x199.jpg 300w\" sizes=\"auto, (max-width: 370px) 100vw, 370px\" \/><\/p>\n<p><span style=\"color: #000000;\"><span class=\"ff3 fc1 fs10 \">Il Santuario d<\/span><span class=\"ff3 fc3 fs10 \">ella Madonna del Pollino durante i mesi estivi e&#8217; meta di numerosi pellegrinaggi. In modo particolarein occasione della festa e&#8217; assai commovente lo scenario che si presenta agli occhi di tutti pellegrini semplici e umili che con pieta&#8217; e devozione esprimono il loro grande amore alla Vergine Maria.<br \/>\nUna bella tradizione di pieta&#8217; e&#8217; girare per tre volte intorno al tempio sito sull&#8217;orlo di una rupe (come gli ebrei intorno all\u2019 Arca Santa) prima di entrare ginocchioni per terra al cospetto deI venerato simulacro. Il battersi il petto, il passaggio (un tempo) del fiume a piedi scalzi come segno di purificazione, il toccare la Sacra Immagine con i fiori raccolti nel bosco, canti gioiosi e orazioni accorate, le veglie notturne&#8230; questi ed altri sono stati e restano piccoli segni di religiosita&#8217; popolare genuina. E&#8217; facile notare tra la folla uomini e donne in costume locale,<br \/>\nfanciulle bianche vestite, con corone di spine intrecciate sul capo, suonatori di zampogne, tamburelli, organetti danze calabro-lucane, tutto compiuto con semplicita&#8217; e compostezza. Gesti, anche se talvolta rudi, sempre compiuti con semplicita&#8217; e schiettezza ovvero con gioia intima; manifestazioni di folklore, di tradizioni popolari, di fede e di amore, impreziositi da sacrifici sapevolmente accertati.<br \/>\nSino a qualche anno fa c\u2019erano delle forme indecorose ed esagerate di religiosita&#8217; come lo strisciare la lingua per terra, ma nell&#8217;opera di purificazione di evangelizzazione sono quasi scomparse sostituite con sacrifici piu&#8217; graditi al Signore.<br \/>\nMolti vengono al nostro Santuario per ringraziare la Madonna di grazie ricevute, si avvicinano ai sacramenti, della Confessione e della Comunione, partecipano alla S. Messa, ai Canti, al Rosario meditato ecc. , consapevoli che questo e&#8217; il miglior modo per onorare Maria, la quale vuole che tutti i suoi figli riabbiano la vita in Cristo.<br \/>\nDepongono piccoli oggetti di oro, umili offerte in danaro, in cera, fiori, prodotti della terra ed altri ex-voto. Santuario Madonna del Pollino.<br \/>\nSull\u2019origine del Santuario di Pollino, che si fa risalire ai primi decenni del secolo decimottavo (1700), nessun documento scritto si ritrova nell&#8217;Archivio Parrocchiale di San Severino Lucano, n\u00e9 altrove. Soltanto attraverso il racconto tramandato a voce di generazione in generazione, \u00e9 stato possibile raccogliere e coordinare brevi notizie.<br \/>\nLa tradizione comincia con un\u2019apparizione della SS. Vergine ad un pastore che, nella montagna di Pollino, conduceva al pascolo il suo gregge. Vivamente impressionato della visione avuta, il pastore la divulg\u00f2 rapidamente; e di bocca in bocca, quell\u2019insolito avvenimento fu appreso in tutti i paesi circostanti al monte.<br \/>\nPoich\u00e9 quelli erano tempi di costumi semplici, di sentimenti religiosi pi\u00f9 puri e pi\u00f9 forti di oggi, sorse in molti il desiderio di vedere la Madonna.<br \/>\nIntanto a San Severino Lucano, una donna di nome Rosa Maria, spinta dal suo forte sentimento religioso, cerc\u00f2 risolutamente la compagnia di sua cognata Vittoria, vedova convivente in casa sua, per andare al monte.<br \/>\nUna mattina, infatti, presero entrambe a percorrere l\u2019aspra e faticosa via che conduce al Pollino, col cuore trepidante, recitando preghiere, e preparandosi con lo spirito a pregustare le dolcezze di una visione sovrana: quella della SS. Vergine!<br \/>\nNarra la tradizione che la Rosa Maria aveva lasciato in casa il marito Antonio Perrone, affetto da lunga e inguaribile malattia, e il figliuolo immerso ancora nel sonno, di nome Michelangelo, che poi fu prete. Giunte sulla montagna, le due donne si aggirarono per lungo tempo sul luogo dove, dalle indicazioni ricevute, presumibilmente la SS. Vergine era stata vista dal fortunato pastore. Dopo aver tanto camminato, esse sentivano gran sete e non potevano in nessun modo dissetarsi per mancanza d\u2019acqua. Dopo fervide preghiere, a breve distanza da loro, improvvisamente videro sgorgare uno zampillo d\u2019acqua da una grossa pietra conformata a conca. Accanto a questa pietra videro l\u2019apertura di una grotta, nella quale si sentirono misteriosamente attirate e vi entrarono. La grotta, piccola, formata da grossi blocchi di roccia, \u00e9 accessibile e visitata in occasione della festa, da migliaia di fedeli.<br \/>\nLe due donne, allora, appena penetrate nell\u2019interno della grotta, si accorsero che in un canto di essa era arnmucchiato del pietrame minuto commisto a terriccio in modo da far sospettare che sotto dovesse essere stata nascosta qualche cosa. Infatti in un grosso panno di lana era avvolta una piccola Statua della SS. Vergine col Bambino, quasi intatta, ma alquanto scolorita e sciupata nei lineamenti.<br \/>\nLa signora Rosa Maria, di ritorno a San Severino, trov\u00f2 il marito completamente guarito. Al racconto della moglie si inginocchi\u00f2 in mezzo alla casa e fece voto di costruire sul Monte Pollino una cappella in onore della Vergine Maria. Cos\u00ec sorse, in piccola costruzione, il nostro rinomato Santuario, al quale ogni anno, nei primo venerd\u00ec e sabato di luglio accorrono da ogni parte migliaia di fedeli, a gruppi a gruppi, sfidando i disagi della montagna.<br \/>\nIl Santuario sorge sulle pendici settentrionali del massiccio del Pollino, a 1537 m. slm, E\u2019 semplice e accogliente, locali annessi d\u2019estate offrono riposo ai pellegrini.<br \/>\nIl venerato simulacro della Vergine col Bambino permane sul Monte dalla prima domenica di giugno fino alla seconda domenica di settembre, quando, a spalle, viene portata in processione nella Chiesa Madre di S.Severino.<br \/>\nE\u2019 una grande festa popolare in cui confluiscono le tradizioni religiose calabre e lucane.<br \/>\nCanti, suoni, balli, pianti di gioia, accorate implorazioni e profonda vita sacramentale si fondono per esprimere con semplicit\u00e0 e verit\u00e0 la fede in Ges\u00f9 Cristo Signore.<\/span><\/span><\/p>\n<p><strong>Santuario Maria Santissima del Pollino<\/strong><br \/>\n<em>Localit\u00e0 Madonna di Pollino, 85030 San Severino Lucano (PZ)<\/em><\/p>\n<p><span style=\"color: #000000;\"><strong>sito web<\/strong> : <a href=\"http:\/\/www.santuariomariassdelpollino.it\" target=\"_blank\"><span style=\"color: #000000;\">http:\/\/www.santuariomariassdelpollino.it<\/span><\/a><\/span><\/p>\n","protected":false},"excerpt":{"rendered":"<p>\u00a0\u00a0\u00a0 \u00a0 \u00a0 \u00a0 \u00a0 \u00a0 \u00a0 \u00a0 \u00a0\u00a0 Il Santuario della Madonna del Pollino durante i mesi estivi e&#8217; meta di numerosi pellegrinaggi. In modo particolarein occasione della festa e&#8217; assai commovente lo scenario che si presenta agli occhi&hellip; <\/p>\n","protected":false},"author":2,"featured_media":0,"parent":6,"menu_order":0,"comment_status":"closed","ping_status":"closed","template":"","meta":{"footnotes":""},"class_list":["post-90","page","type-page","status-publish","hentry"],"_links":{"self":[{"href":"https:\/\/www.sanseverinolucano.com\/index.php?rest_route=\/wp\/v2\/pages\/90","targetHints":{"allow":["GET"]}}],"collection":[{"href":"https:\/\/www.sanseverinolucano.com\/index.php?rest_route=\/wp\/v2\/pages"}],"about":[{"href":"https:\/\/www.sanseverinolucano.com\/index.php?rest_route=\/wp\/v2\/types\/page"}],"author":[{"embeddable":true,"href":"https:\/\/www.sanseverinolucano.com\/index.php?rest_route=\/wp\/v2\/users\/2"}],"replies":[{"embeddable":true,"href":"https:\/\/www.sanseverinolucano.com\/index.php?rest_route=%2Fwp%2Fv2%2Fcomments&post=90"}],"version-history":[{"count":11,"href":"https:\/\/www.sanseverinolucano.com\/index.php?rest_route=\/wp\/v2\/pages\/90\/revisions"}],"predecessor-version":[{"id":3635,"href":"https:\/\/www.sanseverinolucano.com\/index.php?rest_route=\/wp\/v2\/pages\/90\/revisions\/3635"}],"up":[{"embeddable":true,"href":"https:\/\/www.sanseverinolucano.com\/index.php?rest_route=\/wp\/v2\/pages\/6"}],"wp:attachment":[{"href":"https:\/\/www.sanseverinolucano.com\/index.php?rest_route=%2Fwp%2Fv2%2Fmedia&parent=90"}],"curies":[{"name":"wp","href":"https:\/\/api.w.org\/{rel}","templated":true}]}}